n(z)?
5
Let o be (5/(-1 + 6))/((-1)/(-7)). Let n(h) = -h**3 + 0 - 2 + 7*h**2 - 3*h + 4*h. Give n(o).
5
Let k(f) be the second derivative of f**5/20 + f**4/3 + f**3/3 - 3*f**2/2 + 449*f. Determine k(-3).
0
Let v(k) = -9*k**3 - 6*k**2 - k + 2. Let s(g) = 5*g**3 + 3*g**2 - 1. Let u be (-1)/(((-14)/(-8))/7) + -7. Let c(y) = u*s(y) - 6*v(y). What is c(4)?
7
Let l(d) = d - 2. Let j(a) = -a + 10. Let s be j(7). Suppose 4*g = -3*w + 4, s*g - 4*w + 10 = -12. Let o be l(g). Let b(r) = r**3 + 3*r**2 - 5*r - 5. Give b(o).
-1
Suppose -3*x + 33 = 4*c - 4*x, -5*c + 2*x = -45. Let m = -2 + c. Suppose m*w + 8 = -27. Let k(r) = -r - 2. What is k(w)?
5
Let p(n) = -14*n**3 - 10*n**2 + 46*n + 1. Let v(s) = 5*s**3 + 3*s**2 - 15*s + 1. Let c(z) = 4*p(z) + 11*v(z). What is c(-9)?
6
Let b(v) = -6*v + v - 6*v - v**3 + 2 - 18*v**2 + 6*v**2. What is b(-11)?
2
Let t(k) = -k**3 + 22*k**2 + 2*k + 8. Let s(i) = -i**3 + 28*i**2 + 4*i + 10. Let c(l) = 5*s(l) - 6*t(l). Let m = 8 + -20. Let f = 5 + m. Give c(f).
-5
Suppose r + u = 5*u - 9, u = 4*r + 21. Let j(g) = -1. Let v(y) = -y**3 - 5*y**2 - 5. Let x(z) = 3*j(z) - v(z). Give x(r).
2
Suppose 31*v = -72*v + 721. Let u(k) = k**2 - 6*k - 8. Calculate u(v).
-1
Let d(h) be the third derivative of -h**6/720 + 3*h**5/20 - h**4/24 + 2*h**2. Let c(v) be the second derivative of d(v). Let z = 97 + -97. Give c(z).
18
Suppose 4*i = 4*g - 20 - 20, 2*i = -2*g + 16. Let d(k) = 4*k**2 - 13*k + 6. Let l(f) = -3*f**2 + 12*f - 5. Let y(n) = -2*d(n) - 3*l(n). Give y(g).
-6
Suppose -3*q - 19 = -5*n, 2*q - 5*n = -4 - 17. Suppose q*d + 15 = -3*d. Let y(j) = -j**3 - 4*j**2 - j + 2. What is y(d)?
-4
Let p(l) = -l**2 - 22*l + 19. Let n be p(-14). Let t = -134 + n. Let r(s) = s**3 + 3*s**2 + s - 1. Determine r(t).
-4
Let y = -576 - -573. Let g(i) = -i**3 - 2*i**2 + 8*i + 6. Calculate g(y).
-9
Suppose 3*g = -x - 1, 5*g + 4 + 31 = 5*x. Let v(d) = -8 - 13*d**2 + 8 + 2 + 11*d**2. Calculate v(g).
-6
Let f(k) be the first derivative of k**6/120 - k**5/120 - k**4/12 + 35*k**3/3 - 34. Let u(m) be the third derivative of f(m). Give u(-2).
12
Let k(m) = 4*m**2 - 3*m + 1. Let g be (-5)/(-1) - (-6)/(-3). Suppose -5*l = -6*l - g. Let q be l + (3 - (0 + -2)). Give k(q).
11
Let i(t) = 2*t + 7. Suppose v + 2*z + 3 = 0, 0 = 4*v - 7*v + 3*z - 36. Determine i(v).
-11
Let v(y) be the second derivative of 1/6*y**3 - 1/2*y**2 + 0 + 24*y. Let a(r) = r**3 + 2*r**2 - r + 2. Let b be a(-3). What is v(b)?
-5
Let p = -41 + 43. Suppose -m = r + 5, 15 = -2*r + p*m - 5*m. Let f(l) = -l**2 - 5. Calculate f(r).
-5
Let b(y) = y**3 + 7*y**2 - 11*y. Let x(m) = -34*m - 926. Let a be x(-27). What is b(a)?
24
Let q(p) = -p**2 + 9*p + 4. Let n be (-3)/(-2 - -1) - -6. Let v be q(n). Let l(j) = -j**2 + 5*j + 3. What is l(v)?
7
Let s(g) be the first derivative of -g**3/3 - g**2 + 2*g + 124. Give s(-5).
-13
Let c(j) = -5*j**3 - 13*j**2 - 5*j + 6. Let r(l) = 9*l**3 + 25*l**2 + 10*l - 10. Let v(z) = 11*c(z) + 6*r(z). Calculate v(8).
-18
Let h(o) be the third derivative of 1/120*o**6 + 0*o + 0 + 1/24*o**4 + 1/15*o**5 + 0*o**3 + 12*o**2. Calculate h(-2).
6
Let w(t) = -9*t + 3. Let u be (-8 + 7)/((-3)/6). Give w(u).
-15
Let b(t) be the third derivative of 0 - 1/20*t**5 - 2/3*t**3 - 17*t**2 + 1/6*t**4 + 1/120*t**6 + 0*t. What is b(3)?
8
Let h(p) = -p + 15. Let z be h(0). Let t(f) = 1 + 14*f - z*f - 3. What is t(2)?
-4
Let z = -112 - -114. Suppose 0 = -4*j - 2*i + 23 - 7, 32 = 4*j - z*i. Let t(h) = -4*h**2 + h - 3*h**2 + h**3 - 4 + h**2. Calculate t(j).
2
Let v(m) = -2*m**2 + 4*m - 6. Let z(a) = 2*a**2 - 3*a + 8. Let r(y) = 6*v(y) + 5*z(y). What is r(7)?
-31
Let q be (12/(-9))/(2 - (-22)/(-9)). Let j(l) be the second derivative of -5/6*l**3 + 1/6*l**4 + 0 + l + l**2. Calculate j(q).
5
Let r(c) be the second derivative of -1/2*c**2 - 4*c - 1/12*c**4 + 0 + 0*c**3. Suppose 2*m + 10 = 7*m. Determine r(m).
-5
Let l(f) = 4*f - 1. Let t(b) = 2*b + 33. Let h be t(-14). Suppose 0 = h*x + p + 17, -4*x + p = -p + 8. Calculate l(x).
-13
Let g(x) = x**3 + 8*x**2 - 13*x - 21. Let i(b) = b**3 - 20*b**2 + 39*b - 63. Let r be i(18). Calculate g(r).
15
Let j(c) be the third derivative of 0*c**3 + 0*c + 0 - 1/15*c**5 - 1/24*c**4 + 2*c**2. What is j(-1)?
-3
Let n(d) = d**3 - 5*d**2 + 2. Let c(m) = m**3 + 15*m**2 + 14*m + 5. Let p be c(-14). Suppose -k - p + 10 = 0. Give n(k).
2
Let u = -39 - -52. Let c(x) = -u*x + 5*x + 6 - 2 - x**2. Calculate c(-8).
4
Suppose -716*n = -747*n - 155. Let y(m) = -1 + 2*m - 4 + 0. Determine y(n).
-15
Suppose 2*p - 3*x - 129 = -p, 0 = -3*p - 5*x + 169. Let l be (p/(-20))/((-8)/20). Let u(g) = -g**3 + 6*g**2 - g + 3. Calculate u(l).
-3
Let r(j) = 2*j**3 - 3*j**2 + 2*j - 3. Suppose -5 - 25 = 2*t. Let k = 13 + t. Let m be k - -2 - (-4 - -2). What is r(m)?
5
Let p(j) be the second derivative of j**5/20 + 5*j**4/12 + j**3/3 + 2*j**2 - 20*j. Let n = -48 + 44. Calculate p(n).
12
Let g(d) = -8*d + 1. Let x = -632 + 633. Give g(x).
-7
Let d(j) = -965*j**2 - 4 + 964*j**2 + 3*j + 2*j. Give d(5).
-4
Let i(x) be the first derivative of 1 + 4*x + 1/2*x**2. Determine i(-9).
-5
Let b be -3 - (-10 - (-3)/2*2). Let h(c) = -20*c - 12*c + c**2 + 32*c + 5. Give h(b).
21
Let l(j) be the first derivative of 3 - 7 + 3*j**2 - 7 + 3 + j. Calculate l(2).
13
Let s(c) = 40*c**3 + c**2 - c - 1. Suppose 4*b - 5*p + 4 = 0, -4*b + 7*b = -2*p - 3. Give s(b).
-39
Suppose 4*k - 8 = i - 3*i, 2*k - 16 = i. Let v(d) be the first derivative of -3*d**2/2 - 8*d - 92. Determine v(i).
10
Let u = 34 - 21. Let h = 2 - u. Let k = 11 + h. Let j(g) = g**2 - g - 8. What is j(k)?
-8
Let u(s) = 9*s - 7 - 1 - 4*s**2 + 2*s**2 + s**2. Let t be (3 - 2)*2/((-10)/(-35)). Determine u(t).
6
Let b(a) be the first derivative of a**3 - a**2/2 - a + 4. Let y(c) be the first derivative of b(c). Calculate y(-1).
-7
Let d(r) = -r - 1. Suppose -4*z - 4*x = -40, z + 28*x - 29*x = 4. Determine d(z).
-8
Let j(z) = 5*z - 1. Let k(p) = -p**2 - 1. Let t(n) = j(n) + k(n). Suppose 4*l - 37 = g + 18, -2*g - 4*l = 122. Let r = -56 - g. Calculate t(r).
4
Let q(c) = c - 7. Let o be q(6). Suppose 0 = 5*p + 2*t - 13, 4*p - 2*t - 10 = 4. Let b(a) = -1 + 2 + p*a - a. Determine b(o).
-1
Let f be (-1 - 1)/(4/6). Let s(n) = -2*n**2 - 12*n - 15. Let x be s(-5). Let i(v) = -7*v + 3. Let b(r) = 8*r - 4. Let m(q) = x*i(q) - 4*b(q). What is m(f)?
-8
Let c(r) be the first derivative of -5/3*r**3 + 3/2*r**2 + 2 + 1/4*r**4 - 7*r. Determine c(5).
8
Let o(q) be the third derivative of 0*q + 1/60*q**6 + 1/2*q**3 + 1/6*q**4 + 1/15*q**5 - 6*q**2 + 0. Determine o(-2).
-5
Let k(v) be the second derivative of v**3/6 - v**2/2 - 43*v + 1. Give k(2).
1
Let z be -2*(-8)/(-64)*-8. Let r(f) = -6*f + 2*f + 3 + f**3 + 0*f**3. Determine r(z).
3
Let i = 1 + -1. Suppose -5 + 20 = 3*o. Let h(g) = -2*g**2 + 3. Let v(u) = -3*u**2 + 6. Let l(q) = o*h(q) - 3*v(q). Determine l(i).
-3
Let f(h) = -6*h + 3*h - 3*h**2 + 0*h + 1 + h**3 + 0*h**2. Let r = 19 + -4. Suppose 0 = -4*k + r + 1. Determine f(k).
5
Let p be (-2)/7 - 207/(-63). Let g(i) = -2*i + 6*i**3 + 4*i**3 + p*i**3 + i. What is g(-1)?
-12
Let j(s) be the first derivative of s**3/3 - 3*s**2/2 - 11*s + 41. Determine j(6).
7
Let m(f) = f**2 + f. Let y = -3 - 0. Let j be m(y). Suppose s - j = 4*s. Let x(w) = 5*w + 3. Calculate x(s).
-7
Let l(t) = 2*t**2 - 11*t + 11. Suppose 163 = -3*d + 154. Let k(f) = f**2 - 10*f + 10. Let m(v) = d*k(v) + 2*l(v). Calculate m(-9).
1
Suppose -y = -5*s + 12, s + 2*s - 9 = 0. Let j = y - 1. Let v(m) = -2*m + 0*m + 2 - j*m + 5*m. Determine v(-5).
-3
Suppose -4*l + 4*s + 60 = -0*s, 3*l - 47 = s. Let j = l - 15. Let w(n) = -1 - 2 - 3*n - j + 2. What is w(-3)?
7
Suppose 27*l - 50 = 112. Let d(o) = -o**3 + 5*o**2 + 3*o + 2. Determine d(l).
-16
Let s(t) be the third derivative of -t**5/60 + 11*t**4/24 + 17*t**3/6 - 27*t**2 - t. Determine s(13).
-9
Let q(s) = 12 - 10*s**2 + s**2 - s**3 + 137*s + 0*s**2 + 2*s**3 - 149*s. What is q(10)?
-8
Let m(l) be the first derivative of -3*l**4/4 + l**3 - 5*l**2/2 + 3*l + 351. Give m(2).
-19
Let a(r) = 0*r**2 - 2*r + 6*r - 4*r**2 - 210 + 211 - 2*r. What is a(-2)?
-19
Let f be (-16)/24 - (-1)/(-3). Let n(w) = 19*w + 6. Let z(j) = -37*j - 10. Let x(s) = -5*n(s) - 3*z(s). Calculate x(f).
-16
Let h(f) = -9*f**2 - 15*f - 6. Let q(v) = -7*v**2 - 12*v - 5. Let x(o) = 3*h(o) - 4*q(o). Let r be (2/3)/(